m**3 - 6*m**2 + 0 + 11*m**2 + 4. Suppose 0 = 4*z + 72 - 52. Give y(z).
22
Let b(g) be the third derivative of -5/6*g**3 - 1/4*g**4 + 0 + 0*g - 5*g**2 + 1/60*g**5. What is b(5)?
-10
Let c(p) be the second derivative of p**5/20 + 5*p**4/4 - 5*p**3/2 + 2*p**2 - 748*p + 5. Determine c(-16).
-12
Let r(c) = -c**3 - 10*c**2 - 2*c + 15. Let i be -8 - (7 - 14/2). Give r(i).
-97
Let p(a) = 71*a + 19. Let z(r) = 45*r + 13. Let j(c) = 5*p(c) - 8*z(c). Determine j(3).
-24
Let g be 5 - 0/(-2)*(0 - -1). Let u(z) = 5 + 6*z**2 - g*z + z - 3*z**2 - 2*z**2. Determine u(4).
5
Let q(o) be the third derivative of -7*o**5/60 + o**4/24 + 4*o**3/3 + o**2 - 297*o - 5. Calculate q(-3).
-58
Let s(v) = -16*v + 30. Let r(q) = -3*q + 6. Let w(h) = 2*h**2 + 82*h + 82. Let n be w(-40). Let g(u) = n*s(u) - 11*r(u). Suppose 2*t - 7 - 5 = 0. Give g(t).
0
Let q(z) be the second derivative of z**4/12 - 3*z**3/2 - 2*z**2 - z + 458. Give q(9).
-4
Suppose -5*n = 5, 0 = -3*i + 8*i - 5*n - 6675. Let f(s) = -3*s - i + 4*s + s**2 + 1332. Let h be f(3). Let u(p) = p**3 - 11*p**2 + 11*p + 1. Give u(h).
11
Let x(f) = -f**2 - 3*f + 10. Let s be x(-6). Let v(i) = -i**2 - 8*i - 14. What is v(s)?
-14
Let f(z) = z + 4. Suppose 19 = 5*t + 4. Suppose 3*p + g = 5*g - 4, 2*p = -t*g + 20. Suppose 4*o - 3*a = 21, 0*o - 10 = -o - p*a. Calculate f(o).
10
Let w(y) = y**3 - y**2 - 3*y - 2. Suppose 12 = 9*q - 42. Suppose -3*t + 3 = -q. Suppose m + m - 18 = -t*s, 4*s - 22 = -2*m. Give w(m).
7
Suppose 8 = q + 4*a + 19, -4*q + 4*a - 4 = 0. Let i(m) = m + 12. Give i(q).
9
Let l(o) be the third derivative of -o**5/60 - 4*o**4/3 + 29*o**3/6 + 288*o**2. Calculate l(-33).
-4
Let c(s) = s**2 + 29*s - 384. Suppose 40*w + 5*w = 25*w + 200. What is c(w)?
6
Let t(g) = -g + 1. Let n be (-2)/(-3) + 1112/24. Let u = -47 + n. Give t(u).
1
Let c(f) = 7*f - 2. Let r(o) = -33*o + 11. Let j(z) = z + 6. Let q be j(-12). Let x(y) = q*r(y) - 33*c(y). Determine x(-1).
33
Suppose 0 = -5*v - 4*q + 27, -3*v + 4 = 3*q - 14. Let y(r) = -85*r**3 + v*r + 175*r**3 - 3 - 89*r**3 + 2*r**2 - 10*r - 3. Calculate y(-4).
-10
Let h(l) = 17*l. Suppose 6*d + 44 = 242. Suppose 38*r - d*r = 5. What is h(r)?
17
Let j(h) = h**2 - 14*h - 73. Suppose -z - l + 42 - 30 = 0, -4*z = 3*l - 54. Calculate j(z).
-1
Let n = -15 - -10. Let u(t) be the second derivative of -t**4/12 - 2*t**3/3 - 3*t**2/2 - 3*t - 208. What is u(n)?
-8
Let o(k) = 2*k - 20. Let s be o(8). Suppose m + 152 = 5*m. Let r(b) = -64 + 29 - b + m. What is r(s)?
7
Let p(c) = 1 - c + 3*c**2 - c**2 + c**3 + 0*c. Let w = -14 + 150. Let q = 133 - w. Calculate p(q).
-5
Let n be -1*(12/(-6))/(10/(-25)). Suppose 46 + 21 = 4*c - 5*q, 46 = 4*c + 2*q. Let o(f) = c*f + 2*f**2 - 13*f + 4*f**2 + 5*f + f**3. Determine o(n).
0
Let q(t) = -10*t - 94. Let w be q(-8). Let c(k) = k**3 + 13*k**2 - 15*k - 33. Calculate c(w).
-19
Let z(g) = -227*g**2 - 7*g - 6. Let p(w) = 43*w**2. Let f(a) = -3*p(a) - z(a). What is f(-1)?
97
Let q(o) = -2*o**3 - 43*o**2 - 23*o - 25. Let v be ((-336)/72)/((-24)/(-108)). Determine q(v).
17
Let k(v) = v**2 - 6*v - 8. Let n be (2 - (-10)/15) + (-4)/6. Suppose 3*g - 6*g - n*w - 4 = 0, 4*g + 12 = -4*w. Suppose -t + 4 = -g. What is k(t)?
-8
Let l(u) = u**2 + 208 - 213 - 52*u + 58*u. Determine l(-10).
35
Let a(i) be the second derivative of -i**6/360 + i**5/20 - i**4/12 + 3*i**3/2 - 6*i. Let g(l) be the second derivative of a(l). Calculate g(4).
6
Let c be 8/36 + (-114)/27. Let x(g) = 5*g**3 + 3*g**2 - 3*g - 1. Let u(b) = b**3 + 1. Let t(f) = -4*u(f) + x(f). Calculate t(c).
-9
Suppose -3*a + a = 4, a = 4*j + 6. Let u(z) = -7*z - 9. Let s be u(j). Let d(o) = 2*o + 12*o**2 - 11*o**2 - 4 - 8*o. Give d(s).
-9
Let h(c) be the second derivative of -c**7/1260 + c**6/60 - c**5/40 + c**4/6 + 18*c**2 + 90*c. Let n(k) be the third derivative of h(k). Calculate n(6).
-3
Let u be (11 - 13)/(10/(-15)). Let x(r) = 3*r - 259*r**3 + 258*r**u - r + 11 - r**2. Give x(0).
11
Let n(g) = 3 + 19*g - 3 + 19*g + 2 - 33*g. Calculate n(6).
32
Suppose 8*m - 293 = -301. Let g(y) = 5*y + 1. Let a(j) = -j**2 + 14*j + 7. Let f(c) = m*a(c) + 3*g(c). What is f(-5)?
16
Let y(h) = -14*h**3 + 2*h**2 - 7*h + 5. Let s(k) = -23*k**3 + 3*k**2 - 13*k + 11. Let p(n) = -3*s(n) + 5*y(n). What is p(2)?
-4
Let i(p) = -91*p**2 + 109*p - 76. Let x(j) = 19*j**2 - 22*j + 16. Let o(r) = -5*i(r) - 24*x(r). What is o(-4)?
48
Let w be (-78)/(-975) - (-345)/375. Let m(s) = -12*s**3 + 2*s**2 + 5*s - 4. Let n(i) = -23*i**3 + 3*i**2 + 9*i - 7. Let j(c) = -5*m(c) + 3*n(c). Give j(w).
-9
Let t(d) = -11*d**2 - 4*d - 3*d - 7*d**2 + d**3 + 16*d**2 + 18 - 3*d. Determine t(3).
-3
Let c = 11918 - 11917. Let h(t) = -110*t**2 + t. What is h(c)?
-109
Let k(s) be the third derivative of s**5/60 - s**4/8 - 5*s**3/6 - 431*s**2. What is k(-6)?
49
Let d(h) = h + 58. Let y(s) = -14. Let z be ((-12)/(-150)*-10)/((-2)/5). Let w(l) = z*d(l) + 9*y(l). Determine w(6).
2
Let p = -84 + 100. Let n(y) = -y - 26 - y + p. Let u = -20 - -13. Give n(u).
4
Let u(j) = j**3 - 41*j**2 - 189*j + 400. Let f be u(45). Let o(r) = -r**3 - 5*r**2 - 3*r - 7. Let x(l) = -1. Let d(a) = o(a) - 2*x(a). Give d(f).
10
Let d(t) = t - 4. Let m be d(6). Let b(w) be the first derivative of -2*w + 0*w**2 + w**3 + 0*w**3 - 4*w**2 + 3*w**m + 3. Give b(2).
6
Let m(u) = -5*u**2 - 17*u + 1. Suppose -i - 3*y - 24 + 20 = 0, 4*y + 3 = -i. Let h(k) = 17*k**2 + 52*k - 2. Let z(d) = i*m(d) - 2*h(d). Calculate z(-15).
-3
Let m(l) = 5*l**2 - 24*l + 55. Let c(o) = 3*o**2 - 15*o + 36. Let z(x) = -8*c(x) + 5*m(x). Suppose f + s + 2 = 6*f, -4*s = -f + 8. Calculate z(f).
-13
Let k(n) be the third derivative of n**6/120 - n**5/20 + n**4/12 - 2*n**3 - 2*n**2 + 376. Calculate k(4).
12
Let i be 462/(-165)*(9/(-4))/((-30)/(-100)). Let u(p) = -2*p**2 + 38*p + 48. What is u(i)?
-36
Suppose 9 = -5*u - 1. Let k be (2 + u)/3 + 0. Let n(j) = 2*j - 4. Let r(p) = 5*p - 9. Let c(t) = -8*n(t) + 3*r(t). Determine c(k).
5
Let g(r) = r - 3*r**2 + r**3 + 69 - 62 - 9*r**2. Let b = -1309 - -1321. Give g(b).
19
Let i(b) be the third derivative of -b**5/60 - 11*b**4/24 - 11*b**3/6 - 2*b**2 - 3. Let l(n) = -8*n**3 + 2*n**2 - 6*n + 3. Let x be l(1). Give i(x).
7
Let p be (-9)/2*(3 + -39). Suppose -65 = -p*r + 157*r. Let w(l) = -l**3 + 14*l**2 - 13*l - 9. Determine w(r).
-9
Let x(d) = -3*d + 4*d + 0*d + 1. Let n = -112 + 115. Let p be (-6 + (12 - 6))/n. What is x(p)?
1
Let d(g) = 3*g**2 + 13*g + 9. Let l be d(-3). Let y(o) = 6*o + 5. Determine y(l).
-13
Let m(a) = a**2 - 2*a + 13. Let k be 3591/1368 + 9/24. Give m(k).
16
Let b(n) = -n. Let v(u) = -u**2 - 11*u + 9. Let d(p) be the first derivative of 7*p**2/2 + 10*p + 4. Let y be d(-3). Let i be v(y). What is b(i)?
-9
Let k(i) = -26*i + 4. Let w be k(-1). Suppose 0 = 191*x - 197*x - w. Let y(g) = g**2 + 3*g - 5. Give y(x).
5
Let t(n) = -n**3 + 36*n**2 + 45*n + 4. Let a be t(27). Let x(p) = -1 + 7783*p + 3 - a*p. Give x(-5).
-13
Let v(a) = a**2 - 5*a - 5. Let g = -10 + 38. Let h = g + -44. Let q = 22 + h. What is v(q)?
1
Let m(y) = y**2 + 5*y. Let q = -325 - -327. Let u be (-2)/4*6*-7. Suppose q*s + 23 = -5*r + s, -3*r = 3*s + u. Calculate m(r).
-4
Suppose 22520*w - 132 = 22526*w. Let q(m) = -m + 38. What is q(w)?
60
Let x(z) be the second derivative of z**3/6 - 2*z**2 - 392*z. Calculate x(4).
0
Suppose -2*j + 4 = -2. Let h(b) = -b + 7. Let p be h(j). Let i(l) = -3*l**2 + 4*l**2 + 6*l - p + 4*l**2 - 6*l**2. Calculate i(7).
-11
Let y(o) be the second derivative of -6*o + 8 - 1/12*o**4 - 11/2*o**2 - 4/3*o**3. Calculate y(-5).
4
Let x(k) = -k**2 - 281*k - 1116. Let v be x(-4). Let m(r) = r**3 + 10*r**2 + 9*r - 61. What is m(v)?
-5
Let m(z) be the second derivative of z**5/20 + 3*z**4/4 + z**3/6 + 3*z**2 - 2*z. Let r = -36963 - -36954. Give m(r).
-3
Let u(f) = -f + 38 - f**2 + 50 + 0*f - 89. Let d(z) = -2*z - 3. Let o be d(-2). Let h(k) = -2*k**2 + 10*k - 9. Let g(m) = o*u(m) - h(m). Calculate g(9).
-10
Let j(z) = -34*z**3 + z**2 + 5*z + 2. Let k be j(-2). Suppose -20*i + 18*i = -k. Let g(u) = u - 134 + i. What is g(1)?
1
Let d(r) = -r**2 + 2*r - 20. Suppose 3*x + b = -3, 22*x = 21*x + 2*b + 6. Calculate d(x).
-20
Suppose 5*l + 0*l = 4960. Suppose 3*u - 11*u - l = 0. Let b = -122 - u. Let f(d) = -4*d**2 + 1. Determine f(b).
-15
Let a = -908860 + 908861. Let g(d) be the third derivative of -2*